{"id":273,"date":"2025-08-09T13:44:38","date_gmt":"2025-08-09T13:44:38","guid":{"rendered":"https:\/\/anita-kontrec.com\/?page_id=273"},"modified":"2025-08-09T14:44:36","modified_gmt":"2025-08-09T14:44:36","slug":"news-events","status":"publish","type":"page","link":"https:\/\/anita-kontrec.com\/?page_id=273","title":{"rendered":"News &amp; Events"},"content":{"rendered":"\n<div class=\"wp-block-query alignwide news_post_query is-layout-flow wp-block-query-is-layout-flow\"><ul class=\"columns-3 wp-block-post-template is-layout-grid wp-container-core-post-template-is-layout-2fc57c17 wp-block-post-template-is-layout-grid\"><li class=\"wp-block-post post-293 post type-post status-publish format-standard hentry category-news\">\n\n<div class=\"wp-block-group\" style=\"padding-top:30px;padding-right:30px;padding-bottom:30px;padding-left:30px\"><div class=\"wp-block-group__inner-container is-layout-constrained wp-container-core-group-is-layout-644faf63 wp-block-group-is-layout-constrained\"><h4 class=\"wp-block-post-title\"><a href=\"https:\/\/anita-kontrec.com\/?p=293\" target=\"_self\" >Exhibition CHALLENGES OF DIVERSITY \u2013 Galerija ORIS \/ House of Architecture, Zagreb, October 2023<\/a><\/h4>\n\n<div class=\"wp-block-post-excerpt\"><p class=\"wp-block-post-excerpt__excerpt\">At the exhibition \u201cChallenges of Diversity\u201d, I presented my sculptures, painting-objects, and works on paper together with works by multimedia artist Ljiljana Mihaljevi\u0107 and painter Natalia Bor\u010di\u0107.The \u201cChallenges of Diversity\u201d exhibition presents three distinct positions within contemporary Croatian art in the media of painting, sculpture, and installation. Despite differences in artistic expression and medium, the&hellip; <\/p><\/div>\n\n<div class=\"wp-block-post-date\"><time datetime=\"2025-08-09T14:58:27+00:00\">August 9, 2025<\/time><\/div><\/div><\/div>\n\n<\/li><li class=\"wp-block-post post-290 post type-post status-publish format-standard hentry category-news\">\n\n<div class=\"wp-block-group\" style=\"padding-top:30px;padding-right:30px;padding-bottom:30px;padding-left:30px\"><div class=\"wp-block-group__inner-container is-layout-constrained wp-container-core-group-is-layout-644faf63 wp-block-group-is-layout-constrained\"><h4 class=\"wp-block-post-title\"><a href=\"https:\/\/anita-kontrec.com\/?p=290\" target=\"_self\" >LIFE INTERVIEW \u2013 Ve\u010dernji list, April 14, 2024<\/a><\/h4>\n\n<div class=\"wp-block-post-excerpt\"><p class=\"wp-block-post-excerpt__excerpt\">In the Sunday edition of Ve\u010dernji list on April 14, 2024, an extensive interview was published about both my artistic work and my journalistic\/editorial work between Zagreb and Cologne. https:\/\/www.vecernji.hr\/kultura\/moju-prvu-izlozbu-prozvali-su-feministickom-poslije-sam-izlagala-s-kosuthom-burenom-yoko-ono-1761464 <\/p><\/div>\n\n<div class=\"wp-block-post-date\"><time datetime=\"2025-08-09T14:57:08+00:00\">August 9, 2025<\/time><\/div><\/div><\/div>\n\n<\/li><li class=\"wp-block-post post-288 post type-post status-publish format-standard hentry category-news\">\n\n<div class=\"wp-block-group\" style=\"padding-top:30px;padding-right:30px;padding-bottom:30px;padding-left:30px\"><div class=\"wp-block-group__inner-container is-layout-constrained wp-container-core-group-is-layout-644faf63 wp-block-group-is-layout-constrained\"><h4 class=\"wp-block-post-title\"><a href=\"https:\/\/anita-kontrec.com\/?p=288\" target=\"_self\" >Exhibition OPENING \u2013 Galerija Kaptol, Zagreb, January 2024<\/a><\/h4>\n\n<div class=\"wp-block-post-excerpt\"><p class=\"wp-block-post-excerpt__excerpt\">On the occasion of the opening of the new exhibition space of Galerija Kaptol at Radi\u0107eva 32 in Zagreb, gallery director Lucia Jeri\u010d presented my painting-objects and sculptures, alongside the paintings of Aleksandar Bezinovi\u0107.Galerija Kaptol is one of the oldest and most successful galleries of contemporary Croatian art, active in Zagreb for over 40 years.&hellip; <\/p><\/div>\n\n<div class=\"wp-block-post-date\"><time datetime=\"2025-08-09T14:50:32+00:00\">August 9, 2025<\/time><\/div><\/div><\/div>\n\n<\/li><li class=\"wp-block-post post-286 post type-post status-publish format-standard hentry category-news\">\n\n<div class=\"wp-block-group\" style=\"padding-top:30px;padding-right:30px;padding-bottom:30px;padding-left:30px\"><div class=\"wp-block-group__inner-container is-layout-constrained wp-container-core-group-is-layout-644faf63 wp-block-group-is-layout-constrained\"><h4 class=\"wp-block-post-title\"><a href=\"https:\/\/anita-kontrec.com\/?p=286\" target=\"_self\" >DESIGN MONAT Graz \u2013 TOTEMS Sculptures at the Exhibition \u201cBORIS BU\u0106AN \u2013 Between Art and Design,\u201d Dagmar Meneghello Collection, May 2024<\/a><\/h4>\n\n<div class=\"wp-block-post-excerpt\"><p class=\"wp-block-post-excerpt__excerpt\">As part of the exhibition \u201cBORIS BU\u0106AN \u2013 Between Art and Design\u201d from the Dagmar Meneghello Collection, presented within Design Monat Graz (May 2024), Mrs. Meneghello exhibited my polyester sculptures from the TOTEMS series. <\/p><\/div>\n\n<div class=\"wp-block-post-date\"><time datetime=\"2025-08-09T14:49:48+00:00\">August 9, 2025<\/time><\/div><\/div><\/div>\n\n<\/li><li class=\"wp-block-post post-281 post type-post status-publish format-standard hentry category-news\">\n\n<div class=\"wp-block-group\" style=\"padding-top:30px;padding-right:30px;padding-bottom:30px;padding-left:30px\"><div class=\"wp-block-group__inner-container is-layout-constrained wp-container-core-group-is-layout-644faf63 wp-block-group-is-layout-constrained\"><h4 class=\"wp-block-post-title\"><a href=\"https:\/\/anita-kontrec.com\/?p=281\" target=\"_self\" >Exhibition FOAM OF THE DAY \u2013 Artists from the Dagmar Meneghello Collection at K\u00fcnstlerhaus Wien \/ Albertina Modern, Vienna<\/a><\/h4>\n\n<div class=\"wp-block-post-excerpt\"><p class=\"wp-block-post-excerpt__excerpt\">Since 1989, I have successfully collaborated with Croatia\u2019s most renowned collector of contemporary Croatian art, Mrs. Dagmar Meneghello, whose collection includes over 4,000 works by the most prominent Croatian artists. At numerous notable exhibitions in Croatia and abroad, Mrs. Meneghello has presented my sculptures, painting-objects, and works on paper within the context of her collection.&hellip; <\/p><\/div>\n\n<div class=\"wp-block-post-date\"><time datetime=\"2025-08-09T13:58:45+00:00\">August 9, 2025<\/time><\/div><\/div><\/div>\n\n<\/li><\/ul><\/div>\n","protected":false},"excerpt":{"rendered":"","protected":false},"author":1,"featured_media":0,"parent":0,"menu_order":0,"comment_status":"closed","ping_status":"closed","template":"","meta":{"advanced_seo_description":"","jetpack_seo_html_title":"","jetpack_seo_noindex":false,"footnotes":""},"class_list":["post-273","page","type-page","status-publish","hentry"],"jetpack_sharing_enabled":true,"_links":{"self":[{"href":"https:\/\/anita-kontrec.com\/index.php?rest_route=\/wp\/v2\/pages\/273","targetHints":{"allow":["GET"]}}],"collection":[{"href":"https:\/\/anita-kontrec.com\/index.php?rest_route=\/wp\/v2\/pages"}],"about":[{"href":"https:\/\/anita-kontrec.com\/index.php?rest_route=\/wp\/v2\/types\/page"}],"author":[{"embeddable":true,"href":"https:\/\/anita-kontrec.com\/index.php?rest_route=\/wp\/v2\/users\/1"}],"replies":[{"embeddable":true,"href":"https:\/\/anita-kontrec.com\/index.php?rest_route=%2Fwp%2Fv2%2Fcomments&post=273"}],"version-history":[{"count":5,"href":"https:\/\/anita-kontrec.com\/index.php?rest_route=\/wp\/v2\/pages\/273\/revisions"}],"predecessor-version":[{"id":284,"href":"https:\/\/anita-kontrec.com\/index.php?rest_route=\/wp\/v2\/pages\/273\/revisions\/284"}],"wp:attachment":[{"href":"https:\/\/anita-kontrec.com\/index.php?rest_route=%2Fwp%2Fv2%2Fmedia&parent=273"}],"curies":[{"name":"wp","href":"https:\/\/api.w.org\/{rel}","templated":true}]}}

<div class="wp-block-query alignwide news_post_query is-layout-flow wp-block-query-is-layout-flow"><ul class="columns-3 wp-block-post-template is-layout-grid wp-container-core-post-template-is-layout-2fc57c17 wp-block-post-template-is-layout-grid"><li class="wp-block-post post-293 post type-post status-publish format-standard hentry category-news">

<div class="wp-block-group" style="padding-top:30px;padding-right:30px;padding-bottom:30px;padding-left:30px"><div class="wp-block-group__inner-container is-layout-constrained wp-container-core-group-is-layout-644faf63 wp-block-group-is-layout-constrained"><h4 class="wp-block-post-title"><a href="https://anita-kontrec.com/?p=293" target="_self" >Exhibition CHALLENGES OF DIVERSITY – Galerija ORIS / House of Architecture, Zagreb, October 2023</a></h4>

<div class="wp-block-post-excerpt"><p class="wp-block-post-excerpt__excerpt">At the exhibition “Challenges of Diversity”, I presented my sculptures, painting-objects, and works on paper together with works by multimedia artist Ljiljana Mihaljević and painter Natalia Borčić.The “Challenges of Diversity” exhibition presents three distinct positions within contemporary Croatian art in the media of painting, sculpture, and installation. Despite differences in artistic expression and medium, the&hellip; </p></div>

<div class="wp-block-post-date"><time datetime="2025-08-09T14:58:27+00:00">August 9, 2025</time></div></div></div>

</li><li class="wp-block-post post-290 post type-post status-publish format-standard hentry category-news">

<div class="wp-block-group" style="padding-top:30px;padding-right:30px;padding-bottom:30px;padding-left:30px"><div class="wp-block-group__inner-container is-layout-constrained wp-container-core-group-is-layout-644faf63 wp-block-group-is-layout-constrained"><h4 class="wp-block-post-title"><a href="https://anita-kontrec.com/?p=290" target="_self" >LIFE INTERVIEW – Večernji list, April 14, 2024</a></h4>

<div class="wp-block-post-excerpt"><p class="wp-block-post-excerpt__excerpt">In the Sunday edition of Večernji list on April 14, 2024, an extensive interview was published about both my artistic work and my journalistic/editorial work between Zagreb and Cologne. https://www.vecernji.hr/kultura/moju-prvu-izlozbu-prozvali-su-feministickom-poslije-sam-izlagala-s-kosuthom-burenom-yoko-ono-1761464 </p></div>

<div class="wp-block-post-date"><time datetime="2025-08-09T14:57:08+00:00">August 9, 2025</time></div></div></div>

</li><li class="wp-block-post post-288 post type-post status-publish format-standard hentry category-news">

<div class="wp-block-group" style="padding-top:30px;padding-right:30px;padding-bottom:30px;padding-left:30px"><div class="wp-block-group__inner-container is-layout-constrained wp-container-core-group-is-layout-644faf63 wp-block-group-is-layout-constrained"><h4 class="wp-block-post-title"><a href="https://anita-kontrec.com/?p=288" target="_self" >Exhibition OPENING – Galerija Kaptol, Zagreb, January 2024</a></h4>

<div class="wp-block-post-excerpt"><p class="wp-block-post-excerpt__excerpt">On the occasion of the opening of the new exhibition space of Galerija Kaptol at Radićeva 32 in Zagreb, gallery director Lucia Jerič presented my painting-objects and sculptures, alongside the paintings of Aleksandar Bezinović.Galerija Kaptol is one of the oldest and most successful galleries of contemporary Croatian art, active in Zagreb for over 40 years.&hellip; </p></div>

<div class="wp-block-post-date"><time datetime="2025-08-09T14:50:32+00:00">August 9, 2025</time></div></div></div>

</li><li class="wp-block-post post-286 post type-post status-publish format-standard hentry category-news">

<div class="wp-block-group" style="padding-top:30px;padding-right:30px;padding-bottom:30px;padding-left:30px"><div class="wp-block-group__inner-container is-layout-constrained wp-container-core-group-is-layout-644faf63 wp-block-group-is-layout-constrained"><h4 class="wp-block-post-title"><a href="https://anita-kontrec.com/?p=286" target="_self" >DESIGN MONAT Graz – TOTEMS Sculptures at the Exhibition “BORIS BUĆAN – Between Art and Design,” Dagmar Meneghello Collection, May 2024</a></h4>

<div class="wp-block-post-excerpt"><p class="wp-block-post-excerpt__excerpt">As part of the exhibition “BORIS BUĆAN – Between Art and Design” from the Dagmar Meneghello Collection, presented within Design Monat Graz (May 2024), Mrs. Meneghello exhibited my polyester sculptures from the TOTEMS series. </p></div>

<div class="wp-block-post-date"><time datetime="2025-08-09T14:49:48+00:00">August 9, 2025</time></div></div></div>

</li><li class="wp-block-post post-281 post type-post status-publish format-standard hentry category-news">

<div class="wp-block-group" style="padding-top:30px;padding-right:30px;padding-bottom:30px;padding-left:30px"><div class="wp-block-group__inner-container is-layout-constrained wp-container-core-group-is-layout-644faf63 wp-block-group-is-layout-constrained"><h4 class="wp-block-post-title"><a href="https://anita-kontrec.com/?p=281" target="_self" >Exhibition FOAM OF THE DAY – Artists from the Dagmar Meneghello Collection at Künstlerhaus Wien / Albertina Modern, Vienna</a></h4>

<div class="wp-block-post-excerpt"><p class="wp-block-post-excerpt__excerpt">Since 1989, I have successfully collaborated with Croatia’s most renowned collector of contemporary Croatian art, Mrs. Dagmar Meneghello, whose collection includes over 4,000 works by the most prominent Croatian artists. At numerous notable exhibitions in Croatia and abroad, Mrs. Meneghello has presented my sculptures, painting-objects, and works on paper within the context of her collection.&hellip; </p></div>

<div class="wp-block-post-date"><time datetime="2025-08-09T13:58:45+00:00">August 9, 2025</time></div></div></div>

</li></ul></div>
